ded by 12?
9
Let h(v) = 5*v**3 + 2*v**2 + v. Let q be h(-1). Calculate the remainder when (-150)/4*q/6 is divided by 9.
7
Let r = 30 - 12. What is the remainder when 53 is divided by r?
17
Suppose 66*d - 68*d + 22 = 0. What is the remainder when d is divided by 5?
1
Let m be (-1)/(2*(-3)/48). Let v(o) = o**2 - 8*o + 12. Calculate the remainder when 35 is divided by v(m).
11
What is the remainder when 14 is divided by 6/(-8) + 175/20?
6
Suppose 3*r + 114 = 9*r. Calculate the remainder when 208 is divided by r.
18
Let h(k) = k**3 + 4*k**2 - 2*k - 2. Let c be h(-4). Suppose 6*y + 5 = 3*w + y, 3*y = c. Let r = -2 + 11. What is the remainder when r is divided by w?
4
Suppose 0*n - 3*n - 3 = 0. What is the remainder when 38 is divided by n/6 - (-363)/18?
18
Suppose 11 - 35 = -3*c. Calculate the remainder when 15 is divided by c.
7
Suppose 3*g - 5*g + 5*o = 13, 4*o - 20 = 0. Suppose 0 = 3*p + 4*t - 4, 4*p - t = 8*p + 12. What is the remainder when p/(-6)*(-1 + 25) is divided by g?
4
What is the remainder when 8 is divided by ((-2)/(-2))/(12/24)?
0
Suppose -5*l = 5*v + 20, 0 = -4*v - 0*l + l + 4. Let s(i) = -4*i + 5*i + 0 + 11 + 2. What is the remainder when 37 is divided by s(v)?
11
Suppose -137 + 5 = -2*s. Calculate the remainder when s is divided by 34.
32
Let m(n) = -n + 2. Calculate the remainder when 38 is divided by m(-11).
12
Suppose 214 = -2*x + 2*l, 0*l + 5 = l. Suppose o = -4*m - 1, 9 = -2*m - 2*o + 1. What is the remainder when x/(-2 - 1)*m is divided by 12?
10
Let m(a) be the first derivative of 14*a**3/3 - a**2/2 + a + 1. Calculate the remainder when 41 is divided by m(1).
13
Suppose -210 = 3*v - 9*v. Calculate the remainder when v is divided by 18.
17
Let f(i) = -i**3 + 7*i**2 + 2*i - 12. Calculate the remainder when f(5) is divided by 17.
14
Let a(y) = y**3 + 6*y**2 + 3*y. Let k be a(-4). Calculate the remainder when 7 is divided by k/(-8)*1*-2.
2
Suppose 0 = 2*s - 0*s - 24. Calculate the remainder when 71 is divided by s.
11
Suppose 0 = -0*c - 4*c. Let x = -10 - -20. What is the remainder when x is divided by c/(-1 - -3) - -4?
2
Suppose 0 = -7*y + 9*y. Let k = 4 + y. What is the remainder when 13 is divided by k?
1
Suppose -28*j - 73 = -29*j. What is the remainder when j is divided by 37?
36
Suppose 4*q + 1 - 17 = 0. Suppose i + 25 = 2*v, -q*i + 2*i + 30 = 4*v. What is the remainder when 38 is divided by v?
8
Suppose 4*l + 3*y = 7*l - 135, -l - y = -55. Suppose 0 = -4*w + 3*w + 26. What is the remainder when l is divided by w?
24
Suppose 0 = 12*u - 315 - 249. What is the remainder when u is divided by 25?
22
Suppose 2*x - 5 - 1 = 0. Suppose -x*y + y = -22. Suppose 78 = 3*v + 3*p, 34 - 122 = -3*v - p. What is the remainder when v is divided by y?
9
Let v(a) = -2*a + 53. What is the remainder when v(-8) is divided by 18?
15
Let b be ((-6)/5)/(8/20). What is the remainder when (1 - 0)*(7 - b) is divided by 6?
4
Let d(s) be the third derivative of -s**6/120 + 7*s**5/60 - 5*s**4/24 + s**3/2 - 5*s**2. Calculate the remainder when 15 is divided by d(6).
6
Suppose -2*w = -w - 61. Calculate the remainder when w is divided by 33.
28
Calculate the remainder when 23 is divided by 3/(-5)*(-40)/(4/1).
5
Suppose -5*h - 163 = 122. Let o = h - -92. Let s(c) = c**2 + 6*c + 2. Calculate the remainder when o is divided by s(-8).
17
Let q be (-3)/5 + (-26)/(-10). Suppose -3*f = -4*l + 3, 3*l - 10 = -f + q. Calculate the remainder when 49 is divided by (f - 1)/((-4)/(-34)).
15
Let t(f) = f**2 + 6*f + 3. Let d be (3 - (-15)/(-6))*-16. Let w(y) = -y + 1. What is the remainder when t(d) is divided by w(-6)?
5
Let q(k) = k**2 - 5*k - 10. Let o be q(7). Suppose 5*c = -b + 87, 60 = c + 3*c + o*b. What is the remainder when c is divided by (-7)/(-4)*4/1?
4
Suppose -x = 5*c - 2*x - 45, 4*c = -3*x + 17. Calculate the remainder when 44 is divided by c.
4
Let p(l) = -6*l. What is the remainder when p(-23) is divided by 35?
33
Let j = -26 - -52. Calculate the remainder when j is divided by (18 - 0) + 13/(104/(-32)).
12
Suppose 2*w - 8 = 2. Suppose 38 = p + 4*s - 52, 3*s = w*p - 358. What is the remainder when p is divided by 25?
24
Suppose -2*b = -5*b + 27. Let q(k) = -k**2 + 0*k**3 + 0*k**2 + k + k**3 + 26. Calculate the remainder when q(0) is divided by b.
8
Suppose -c = 4*c - 15. Suppose 4*y = -5*g + 21, 2*g = g - c. What is the remainder when y is divided by 4?
1
Suppose -5*b + b = -148. Let t = -141 + 236. Suppose -7*o + t = -2*o. What is the remainder when b is divided by o?
18
Let f(b) = 44*b**2 - b + 2. Calculate the remainder when f(1) is divided by 3/(-6)*-22 + 1.
9
Suppose 14 = 2*v - v. Let w(k) = k**3 - 6*k**2 - 5*k - 6. Suppose 0 = j - 6 - 1. Calculate the remainder when v is divided by w(j).
6
Let m be 8/(-6)*3/(-2). Suppose -2*j + 25 = 2*j - 5*y, m*j - 4*y = 8. What is the remainder when 6*6*(-1)/(-2) is divided by j?
8
Let n = -26 - -48. Calculate the remainder when n is divided by 6.
4
Let x(f) = 14 + 3*f + 2*f - 4*f. Calculate the remainder when 12 is divided by x(-7).
5
Suppose -b = -2*j + 3, 2*b - 1 - 8 = -j. Suppose b = 2*o - 3. Suppose -3*p = -4*w - 21, -4*p - 5*w + 39 = 11. What is the remainder when p is divided by o?
1
Let d = 93 - 56. Calculate the remainder when 108 is divided by d.
34
Suppose -12*c = -16*c + 28. Calculate the remainder when 13 is divided by c.
6
Let m(y) be the second derivative of -y + 7*y**2 + 0 + 1/12*y**4 + 1/6*y**3. Calculate the remainder when 40 is divided by m(0).
12
Let p(v) = -v**2 + 23*v - 34. What is the remainder when p(17) is divided by 14?
12
Let d be (-3)/3 + -2 + 1. What is the remainder when (-237)/(-12) + (-2)/(-8) is divided by d/6*33/(-1)?
9
Let c = -18 - -28. Suppose 3*r - 5*a + a - 107 = 0, 113 = 3*r + 2*a. What is the remainder when r is divided by c?
7
Let m(n) = -n**3 - 5*n**2 + n - 16. What is the remainder when 33 is divided by m(-6)?
5
Suppose 3*c - 21 = -2*s - 2*c, 4*s - 3*c = 55. Calculate the remainder when s is divided by 5.
3
Suppose 0 = -3*s + 22 + 14. Calculate the remainder when 21 is divided by s.
9
Let d = -3 + 12. Calculate the remainder when 35 is divided by d.
8
Suppose 0*f - f + 4*k = 8, -k + 2 = 2*f. Suppose 0 = -f*w + 4*w. Suppose -5*o = -w - 15. What is the remainder when o is divided by 2?
1
Suppose 5*h - 4*k = 63 + 274, 133 = 2*h - k. Calculate the remainder when h is divided by 22.
21
Let z(y) = -y**3 - 4*y**2 - 4*y - 1. Let w be z(-3). Suppose 0 = 5*g + 5, -w*p - 3*p = -4*g - 84. Calculate the remainder when 46 is divided by p.
14
Suppose 0 = 4*o - 5*t - 319, 0 = o - 6*o - 5*t + 365. Calculate the remainder when o is divided by 16.
12
Suppose 3*d + 3*n = 48 + 30, -3*d - 2*n + 77 = 0. What is the remainder when d is divided by 15?
10
Let b(g) = -12*g + 2. Let w(q) = q. Let j(i) = -2*b(i) - 22*w(i). Calculate the remainder when ((-10)/4)/(2/(-4)) is divided by j(3).
1
Let c = 92 + -59. Let u = c + -16. What is the remainder when u is divided by 6?
5
Let v(p) = -2*p**2 - 12*p - 2. Suppose 3*d - 178 = -25. What is the remainder when d is divided by v(-4)?
9
Let x(n) = -n**3 + 6*n**2 - n - 4. Calculate the remainder when 16 is divided by x(2).
6
Let h(q) = q**3 - 5*q**2 + 5*q + 1. Calculate the remainder when 7 is divided by h(4).
2
Let l(p) = 2*p**2 + 8*p - 5. Let k be l(-5). Suppose k*z - 16 = 3*z. What is the remainder when 29 is divided by z?
5
Suppose 0 = -2*a - a + 21. Let u = a - -3. Let d(l) = -l**3 + 9*l**2 + 15*l - 12. What is the remainder when d(u) is divided by 20?
18
Suppose 15 = -3*u, -3*o + 78 + 17 = 5*u. What is the remainder when o is divided by 22?
18
Suppose 3*u = -7 + 43. Calculate the remainder when u is divided by 3.
0
Suppose -1 = -3*f + 2*o, -2*f = -f + 3*o - 15. Suppose -4*c - 3*g + 53 = 0, 0*g + 2*g - 17 = -c. What is the remainder when c is divided by f?
2
Let v = -28 - -41. Calculate the remainder when 23 is divided by v.
10
Suppose 3*f = -0*f + 24. Suppose -4*q + 8 = 0, -c - 2*q + 18 = -0*c. Calculate the remainder when c is divided by f.
6
Let l be (2/4)/(4/16). Suppose f = -5*k + 14, l*k - 2*f = -7*f + 1. What is the remainder when 8 is divided by k?
2
Calculate the remainder when ((-3)/2)/(1735/(-430) + 4) is divided by 13.
4
Let s = 4 - 0. Suppose s*u = -7 + 47. Suppose 3*f = -l + 46, -2*l = 5*f - 39 - 36. Calculate the remainder when f is d